{"id":41648,"date":"2025-02-12T15:50:45","date_gmt":"2025-02-12T14:50:45","guid":{"rendered":"https:\/\/astoc.de\/management\/barbara-witten\/"},"modified":"2026-07-02T15:08:11","modified_gmt":"2026-07-02T13:08:11","slug":"barbara-witten","status":"publish","type":"page","link":"https:\/\/astoc.de\/en\/management\/barbara-witten\/","title":{"rendered":"Barbara Witten"},"content":{"rendered":"\t\t<div data-elementor-type=\"wp-page\" data-elementor-id=\"41648\" class=\"elementor elementor-41648 elementor-16412\" data-elementor-post-type=\"page\">\n\t\t\t\t<div class=\"elementor-element elementor-element-30648026 e-flex e-con-boxed e-con e-parent\" data-id=\"30648026\" data-element_type=\"container\" data-e-type=\"container\">\n\t\t\t\t\t<div class=\"e-con-inner\">\n\t\t<div class=\"elementor-element elementor-element-3c658c16 e-con-full e-flex e-con e-child\" data-id=\"3c658c16\" data-element_type=\"container\" data-e-type=\"container\">\n\t\t<div class=\"elementor-element elementor-element-15e5ea6b e-con-full e-flex e-con e-child\" data-id=\"15e5ea6b\" data-element_type=\"container\" data-e-type=\"container\">\n\t\t\t\t<div class=\"elementor-element elementor-element-3dfdeae5 abstand-unten elementor-widget elementor-widget-text-editor\" data-id=\"3dfdeae5\" data-element_type=\"widget\" data-e-type=\"widget\" data-widget_type=\"text-editor.default\">\n\t\t\t\t<div class=\"elementor-widget-container\">\n\t\t\t\t\t\t\t\t\t<p class=\"ASTOCGrundtext\"><strong>Barbara Witten<\/strong><br\/>Dipl.-Ing. Architektin <\/p>\t\t\t\t\t\t\t\t<\/div>\n\t\t\t\t<\/div>\n\t\t\t\t<div class=\"elementor-element elementor-element-ee90ec4 abstand-unten elementor-widget elementor-widget-text-editor\" data-id=\"ee90ec4\" data-element_type=\"widget\" data-e-type=\"widget\" data-widget_type=\"text-editor.default\">\n\t\t\t\t<div class=\"elementor-widget-container\">\n\t\t\t\t\t\t\t\t\t<p>Barbara Witten is a partner at ASTOC and a member of the Board of Directors and Managing Director of ASTOC AG in Basel. As a long-time employee at the Cologne office, her project work took her to Switzerland, where she founded ASTOC AG together with Ingo Kanehl and Andreas K\u00fchn in 2020. She shapes the Swiss location through her professional expertise and constant cooperation with public and private clients on site. Its focus is on the in-depth planning and implementation of challenging building construction projects in Germany and Switzerland. It realizes a diverse range of uses: from high-quality inner-city residential buildings such as the Meinen Areal in Bern, to office, hotel and restaurant buildings that shape the cityscape, to complex laboratory and research buildings, such as the University of Bern&#8217;s Medical Research and Training Center. With a combination of architectural expertise and strategic networking, she leads planning teams in Cologne and Basel and has firmly positioned ASTOC in the Swiss planning landscape.     <\/p>\t\t\t\t\t\t\t\t<\/div>\n\t\t\t\t<\/div>\n\t\t\t\t<div class=\"elementor-element elementor-element-c8196f8 abstand-unten elementor-widget elementor-widget-text-editor\" data-id=\"c8196f8\" data-element_type=\"widget\" data-e-type=\"widget\" data-widget_type=\"text-editor.default\">\n\t\t\t\t<div class=\"elementor-widget-container\">\n\t\t\t\t\t\t\t\t\t<p>2024\u2013today, partner, ASTOC<\/p><p>2022\u20132024 associated partner, ASTOC<\/p><p>2020-today Member of the Board of Directors and Managing Director, ASTOC AG<\/p><p>2013-today ASTOC<\/p><p>2006-2013 Steves &#038; Borsum Architects, Cologne<\/p><p>2000-2006 Studied architecture, diploma, Aachen University of Applied Sciences<\/p><p>Born 1981 in Engelskirchen<\/p>\t\t\t\t\t\t\t\t<\/div>\n\t\t\t\t<\/div>\n\t\t\t\t<div class=\"elementor-element elementor-element-089eeee abstand-unten elementor-widget elementor-widget-text-editor\" data-id=\"089eeee\" data-element_type=\"widget\" data-e-type=\"widget\" data-widget_type=\"text-editor.default\">\n\t\t\t\t<div class=\"elementor-widget-container\">\n\t\t\t\t\t\t\t\t\t<p><strong>Memberships and commitment<\/strong><\/p><p class=\"ASTOCGrundtext\">Chamber of Architects of North Rhine-Westphalia<\/p>\t\t\t\t\t\t\t\t<\/div>\n\t\t\t\t<\/div>\n\t\t\t\t<\/div>\n\t\t<div class=\"elementor-element elementor-element-7dc0bd7e e-con-full e-flex e-con e-child\" data-id=\"7dc0bd7e\" data-element_type=\"container\" data-e-type=\"container\">\n\t\t<div class=\"elementor-element elementor-element-348dd90 e-con-full e-flex e-con e-child\" data-id=\"348dd90\" data-element_type=\"container\" data-e-type=\"container\">\n\t\t\t\t<div class=\"elementor-element elementor-element-47eddeb5 elementor-widget-laptop__width-initial elementor-widget elementor-widget-image\" data-id=\"47eddeb5\" data-element_type=\"widget\" data-e-type=\"widget\" data-widget_type=\"image.default\">\n\t\t\t\t<div class=\"elementor-widget-container\">\n\t\t\t\t\t\t\t\t\t\t\t\t\t\t\t<img loading=\"lazy\" decoding=\"async\" width=\"800\" height=\"533\" src=\"https:\/\/astoc.de\/wp-content\/uploads\/2025\/08\/Barbara_Witten_Astoc-_2-5.jpg\" class=\"attachment-1536x1536 size-1536x1536 wp-image-28997\" alt=\"\" srcset=\"https:\/\/astoc.de\/wp-content\/uploads\/2025\/08\/Barbara_Witten_Astoc-_2-5.jpg 800w, https:\/\/astoc.de\/wp-content\/uploads\/2025\/08\/Barbara_Witten_Astoc-_2-5-300x200.jpg 300w, https:\/\/astoc.de\/wp-content\/uploads\/2025\/08\/Barbara_Witten_Astoc-_2-5-768x512.jpg 768w\" sizes=\"auto, (max-width: 800px) 100vw, 800px\" \/>\t\t\t\t\t\t\t\t\t\t\t\t\t\t\t<\/div>\n\t\t\t\t<\/div>\n\t\t\t\t<\/div>\n\t\t<div class=\"elementor-element elementor-element-309dcfea e-con-full e-flex e-con e-child\" data-id=\"309dcfea\" data-element_type=\"container\" data-e-type=\"container\">\n\t\t\t\t<div class=\"elementor-element elementor-element-49c17a47 elementor-widget elementor-widget-image\" data-id=\"49c17a47\" data-element_type=\"widget\" data-e-type=\"widget\" data-widget_type=\"image.default\">\n\t\t\t\t<div class=\"elementor-widget-container\">\n\t\t\t\t\t\t\t\t\t\t\t\t<figure class=\"wp-caption\">\n\t\t\t\t\t\t\t\t\t\t<img loading=\"lazy\" decoding=\"async\" width=\"800\" height=\"800\" src=\"https:\/\/astoc.de\/wp-content\/uploads\/2025\/11\/Barbara_Witten_Baustelle-Meinen_2-1024x1024.jpg\" class=\"attachment-large size-large wp-image-37181\" alt=\"\" srcset=\"https:\/\/astoc.de\/wp-content\/uploads\/2025\/11\/Barbara_Witten_Baustelle-Meinen_2-1024x1024.jpg 1024w, https:\/\/astoc.de\/wp-content\/uploads\/2025\/11\/Barbara_Witten_Baustelle-Meinen_2-300x300.jpg 300w, https:\/\/astoc.de\/wp-content\/uploads\/2025\/11\/Barbara_Witten_Baustelle-Meinen_2-150x150.jpg 150w, https:\/\/astoc.de\/wp-content\/uploads\/2025\/11\/Barbara_Witten_Baustelle-Meinen_2-768x768.jpg 768w, https:\/\/astoc.de\/wp-content\/uploads\/2025\/11\/Barbara_Witten_Baustelle-Meinen_2-1536x1536.jpg 1536w, https:\/\/astoc.de\/wp-content\/uploads\/2025\/11\/Barbara_Witten_Baustelle-Meinen_2-2048x2048.jpg 2048w\" sizes=\"auto, (max-width: 800px) 100vw, 800px\" \/>\t\t\t\t\t\t\t\t\t\t\t<figcaption class=\"widget-image-caption wp-caption-text\">f. l. Lea Habermann ASTOC, S\u00e1ndor Kasz\u00e1s GWJ, Marilyn Br\u00fchlmann GWJ<\/figcaption>\n\t\t\t\t\t\t\t\t\t\t<\/figure>\n\t\t\t\t\t\t\t\t\t<\/div>\n\t\t\t\t<\/div>\n\t\t\t\t<\/div>\n\t\t\t\t<\/div>\n\t\t\t\t<\/div>\n\t\t<div class=\"elementor-element elementor-element-65bbbb9 e-con-full e-flex e-con e-child\" data-id=\"65bbbb9\" data-element_type=\"container\" data-e-type=\"container\">\n\t\t\t\t<div class=\"elementor-element elementor-element-669709a9 elementor-view-default elementor-widget elementor-widget-icon\" data-id=\"669709a9\" data-element_type=\"widget\" data-e-type=\"widget\" data-widget_type=\"icon.default\">\n\t\t\t\t<div class=\"elementor-widget-container\">\n\t\t\t\t\t\t\t<div class=\"elementor-icon-wrapper\">\n\t\t\t<a class=\"elementor-icon\" href=\"https:\/\/astoc.de\/barbara-witten\/\">\n\t\t\t<svg xmlns=\"http:\/\/www.w3.org\/2000\/svg\" id=\"Ebene_1\" data-name=\"Ebene 1\" viewBox=\"0 0 480 484.95\"><defs><style> .clsx-1sch { fill: #fff; stroke: #000; stroke-miterlimit: 10; stroke-width: 14px; } <\/style><\/defs><line class=\"clsx-1sch\" x1=\"5\" y1=\"4.91\" x2=\"466.83\" y2=\"474.91\"><\/line><line class=\"clsx-1sch\" x1=\"473\" y1=\"196.95\" x2=\"473\" y2=\"484.95\"><\/line><line class=\"clsx-1sch\" x1=\"479\" y1=\"477.95\" x2=\"0\" y2=\"477.95\"><\/line><\/svg>\t\t\t<\/a>\n\t\t<\/div>\n\t\t\t\t\t\t<\/div>\n\t\t\t\t<\/div>\n\t\t\t\t<div class=\"elementor-element elementor-element-7b5ff3e4 elementor-widget elementor-widget-text-editor\" data-id=\"7b5ff3e4\" data-element_type=\"widget\" data-e-type=\"widget\" data-widget_type=\"text-editor.default\">\n\t\t\t\t<div class=\"elementor-widget-container\">\n\t\t\t\t\t\t\t\t\t<p>Press material about Barbara Witten<br\/>Profile on <a href=\"https:\/\/www.linkedin.com\/in\/barbara-witten-6060b8124\/\" target=\"_blank\" rel=\"noopener nofollow\">Linkedin<\/a><\/p>\t\t\t\t\t\t\t\t<\/div>\n\t\t\t\t<\/div>\n\t\t\t\t<\/div>\n\t\t<div class=\"elementor-element elementor-element-c993bb7 e-con-full e-flex e-con e-child\" data-id=\"c993bb7\" data-element_type=\"container\" data-e-type=\"container\">\n\t\t\t\t<div class=\"elementor-element elementor-element-36c7607 elementor-widget elementor-widget-text-editor\" data-id=\"36c7607\" data-element_type=\"widget\" data-e-type=\"widget\" data-widget_type=\"text-editor.default\">\n\t\t\t\t<div class=\"elementor-widget-container\">\n\t\t\t\t\t\t\t\t\t<p>Credits: (1) Susanne Troll, (2) ASTOC<\/p>\t\t\t\t\t\t\t\t<\/div>\n\t\t\t\t<\/div>\n\t\t\t\t<\/div>\n\t\t\t\t\t<\/div>\n\t\t\t\t<\/div>\n\t\t\t\t<\/div>\n\t\t","protected":false},"excerpt":{"rendered":"<p>Barbara WittenDipl.-Ing. Architektin Barbara Witten is a partner at ASTOC and a member of the Board of Directors and Managing Director of ASTOC AG in Basel. As a long-time employee at the Cologne office, her project work took her to Switzerland, where she founded ASTOC AG together with Ingo Kanehl and Andreas K\u00fchn in 2020. [&hellip;]<\/p>\n","protected":false},"author":4,"featured_media":0,"parent":41587,"menu_order":0,"comment_status":"closed","ping_status":"closed","template":"","meta":{"_acf_changed":false,"footnotes":""},"class_list":["post-41648","page","type-page","status-publish","hentry"],"acf":[],"_links":{"self":[{"href":"https:\/\/astoc.de\/en\/wp-json\/wp\/v2\/pages\/41648","targetHints":{"allow":["GET"]}}],"collection":[{"href":"https:\/\/astoc.de\/en\/wp-json\/wp\/v2\/pages"}],"about":[{"href":"https:\/\/astoc.de\/en\/wp-json\/wp\/v2\/types\/page"}],"author":[{"embeddable":true,"href":"https:\/\/astoc.de\/en\/wp-json\/wp\/v2\/users\/4"}],"replies":[{"embeddable":true,"href":"https:\/\/astoc.de\/en\/wp-json\/wp\/v2\/comments?post=41648"}],"version-history":[{"count":5,"href":"https:\/\/astoc.de\/en\/wp-json\/wp\/v2\/pages\/41648\/revisions"}],"predecessor-version":[{"id":45820,"href":"https:\/\/astoc.de\/en\/wp-json\/wp\/v2\/pages\/41648\/revisions\/45820"}],"up":[{"embeddable":true,"href":"https:\/\/astoc.de\/en\/wp-json\/wp\/v2\/pages\/41587"}],"wp:attachment":[{"href":"https:\/\/astoc.de\/en\/wp-json\/wp\/v2\/media?parent=41648"}],"curies":[{"name":"wp","href":"https:\/\/api.w.org\/{rel}","templated":true}]}}

<div data-elementor-type="wp-page" data-elementor-id="41648" class="elementor elementor-41648 elementor-16412" data-elementor-post-type="page">
				<div class="elementor-element elementor-element-30648026 e-flex e-con-boxed e-con e-parent" data-id="30648026" data-element_type="container" data-e-type="container">
					<div class="e-con-inner">
		<div class="elementor-element elementor-element-3c658c16 e-con-full e-flex e-con e-child" data-id="3c658c16" data-element_type="container" data-e-type="container">
		<div class="elementor-element elementor-element-15e5ea6b e-con-full e-flex e-con e-child" data-id="15e5ea6b" data-element_type="container" data-e-type="container">
				<div class="elementor-element elementor-element-3dfdeae5 abstand-unten elementor-widget elementor-widget-text-editor" data-id="3dfdeae5" data-element_type="widget" data-e-type="widget" data-widget_type="text-editor.default">
				<div class="elementor-widget-container">
									<p class="ASTOCGrundtext"><strong>Barbara Witten</strong><br/>Dipl.-Ing. Architektin </p>								</div>
				</div>
				<div class="elementor-element elementor-element-ee90ec4 abstand-unten elementor-widget elementor-widget-text-editor" data-id="ee90ec4" data-element_type="widget" data-e-type="widget" data-widget_type="text-editor.default">
				<div class="elementor-widget-container">
									<p>Barbara Witten is a partner at ASTOC and a member of the Board of Directors and Managing Director of ASTOC AG in Basel. As a long-time employee at the Cologne office, her project work took her to Switzerland, where she founded ASTOC AG together with Ingo Kanehl and Andreas Kühn in 2020. She shapes the Swiss location through her professional expertise and constant cooperation with public and private clients on site. Its focus is on the in-depth planning and implementation of challenging building construction projects in Germany and Switzerland. It realizes a diverse range of uses: from high-quality inner-city residential buildings such as the Meinen Areal in Bern, to office, hotel and restaurant buildings that shape the cityscape, to complex laboratory and research buildings, such as the University of Bern&#8217;s Medical Research and Training Center. With a combination of architectural expertise and strategic networking, she leads planning teams in Cologne and Basel and has firmly positioned ASTOC in the Swiss planning landscape.     </p>								</div>
				</div>
				<div class="elementor-element elementor-element-c8196f8 abstand-unten elementor-widget elementor-widget-text-editor" data-id="c8196f8" data-element_type="widget" data-e-type="widget" data-widget_type="text-editor.default">
				<div class="elementor-widget-container">
									<p>2024–today, partner, ASTOC</p><p>2022–2024 associated partner, ASTOC</p><p>2020-today Member of the Board of Directors and Managing Director, ASTOC AG</p><p>2013-today ASTOC</p><p>2006-2013 Steves &#038; Borsum Architects, Cologne</p><p>2000-2006 Studied architecture, diploma, Aachen University of Applied Sciences</p><p>Born 1981 in Engelskirchen</p>								</div>
				</div>
				<div class="elementor-element elementor-element-089eeee abstand-unten elementor-widget elementor-widget-text-editor" data-id="089eeee" data-element_type="widget" data-e-type="widget" data-widget_type="text-editor.default">
				<div class="elementor-widget-container">
									<p><strong>Memberships and commitment</strong></p><p class="ASTOCGrundtext">Chamber of Architects of North Rhine-Westphalia</p>								</div>
				</div>
				</div>
		<div class="elementor-element elementor-element-7dc0bd7e e-con-full e-flex e-con e-child" data-id="7dc0bd7e" data-element_type="container" data-e-type="container">
		<div class="elementor-element elementor-element-348dd90 e-con-full e-flex e-con e-child" data-id="348dd90" data-element_type="container" data-e-type="container">
				<div class="elementor-element elementor-element-47eddeb5 elementor-widget-laptop__width-initial elementor-widget elementor-widget-image" data-id="47eddeb5" data-element_type="widget" data-e-type="widget" data-widget_type="image.default">
				<div class="elementor-widget-container">
															<img loading="lazy" decoding="async" width="800" height="533" src="https://astoc.de/wp-content/uploads/2025/08/Barbara_Witten_Astoc-_2-5.jpg" class="attachment-1536x1536 size-1536x1536 wp-image-28997" alt="" srcset="https://astoc.de/wp-content/uploads/2025/08/Barbara_Witten_Astoc-_2-5.jpg 800w, https://astoc.de/wp-content/uploads/2025/08/Barbara_Witten_Astoc-_2-5-300x200.jpg 300w, https://astoc.de/wp-content/uploads/2025/08/Barbara_Witten_Astoc-_2-5-768x512.jpg 768w" sizes="auto, (max-width: 800px) 100vw, 800px" />															</div>
				</div>
				</div>
		<div class="elementor-element elementor-element-309dcfea e-con-full e-flex e-con e-child" data-id="309dcfea" data-element_type="container" data-e-type="container">
				<div class="elementor-element elementor-element-49c17a47 elementor-widget elementor-widget-image" data-id="49c17a47" data-element_type="widget" data-e-type="widget" data-widget_type="image.default">
				<div class="elementor-widget-container">
												<figure class="wp-caption">
										<img loading="lazy" decoding="async" width="800" height="800" src="https://astoc.de/wp-content/uploads/2025/11/Barbara_Witten_Baustelle-Meinen_2-1024x1024.jpg" class="attachment-large size-large wp-image-37181" alt="" srcset="https://astoc.de/wp-content/uploads/2025/11/Barbara_Witten_Baustelle-Meinen_2-1024x1024.jpg 1024w, https://astoc.de/wp-content/uploads/2025/11/Barbara_Witten_Baustelle-Meinen_2-300x300.jpg 300w, https://astoc.de/wp-content/uploads/2025/11/Barbara_Witten_Baustelle-Meinen_2-150x150.jpg 150w, https://astoc.de/wp-content/uploads/2025/11/Barbara_Witten_Baustelle-Meinen_2-768x768.jpg 768w, https://astoc.de/wp-content/uploads/2025/11/Barbara_Witten_Baustelle-Meinen_2-1536x1536.jpg 1536w, https://astoc.de/wp-content/uploads/2025/11/Barbara_Witten_Baustelle-Meinen_2-2048x2048.jpg 2048w" sizes="auto, (max-width: 800px) 100vw, 800px" />											<figcaption class="widget-image-caption wp-caption-text">f. l. Lea Habermann ASTOC, Sándor Kaszás GWJ, Marilyn Brühlmann GWJ</figcaption>
										</figure>
									</div>
				</div>
				</div>
				</div>
				</div>
		<div class="elementor-element elementor-element-65bbbb9 e-con-full e-flex e-con e-child" data-id="65bbbb9" data-element_type="container" data-e-type="container">
				<div class="elementor-element elementor-element-669709a9 elementor-view-default elementor-widget elementor-widget-icon" data-id="669709a9" data-element_type="widget" data-e-type="widget" data-widget_type="icon.default">
				<div class="elementor-widget-container">
							<div class="elementor-icon-wrapper">
			<a class="elementor-icon" href="https://astoc.de/barbara-witten/">
			<svg xmlns="http://www.w3.org/2000/svg" id="Ebene_1" data-name="Ebene 1" viewBox="0 0 480 484.95"><defs><style> .clsx-1sch { fill: #fff; stroke: #000; stroke-miterlimit: 10; stroke-width: 14px; } </style></defs><line class="clsx-1sch" x1="5" y1="4.91" x2="466.83" y2="474.91"></line><line class="clsx-1sch" x1="473" y1="196.95" x2="473" y2="484.95"></line><line class="clsx-1sch" x1="479" y1="477.95" x2="0" y2="477.95"></line></svg>			</a>
		</div>
						</div>
				</div>
				<div class="elementor-element elementor-element-7b5ff3e4 elementor-widget elementor-widget-text-editor" data-id="7b5ff3e4" data-element_type="widget" data-e-type="widget" data-widget_type="text-editor.default">
				<div class="elementor-widget-container">
									<p>Press material about Barbara Witten<br/>Profile on <a href="https://www.linkedin.com/in/barbara-witten-6060b8124/" target="_blank" rel="noopener nofollow">Linkedin</a></p>								</div>
				</div>
				</div>
		<div class="elementor-element elementor-element-c993bb7 e-con-full e-flex e-con e-child" data-id="c993bb7" data-element_type="container" data-e-type="container">
				<div class="elementor-element elementor-element-36c7607 elementor-widget elementor-widget-text-editor" data-id="36c7607" data-element_type="widget" data-e-type="widget" data-widget_type="text-editor.default">
				<div class="elementor-widget-container">
									<p>Credits: (1) Susanne Troll, (2) ASTOC</p>								</div>
				</div>
				</div>
					</div>
				</div>
				</div>

<p>Barbara WittenDipl.-Ing. Architektin Barbara Witten is a partner at ASTOC and a member of the Board of Directors and Managing Director of ASTOC AG in Basel. As a long-time employee at the Cologne office, her project work took her to Switzerland, where she founded ASTOC AG together with Ingo Kanehl and Andreas Kühn in 2020. [&hellip;]</p>
