{"id":41636,"date":"2025-02-12T15:42:35","date_gmt":"2025-02-12T14:42:35","guid":{"rendered":"https:\/\/astoc.de\/management\/sebastian-hermann\/"},"modified":"2026-06-15T16:05:32","modified_gmt":"2026-06-15T14:05:32","slug":"sebastian-hermann","status":"publish","type":"page","link":"https:\/\/astoc.de\/en\/management\/sebastian-hermann\/","title":{"rendered":"Sebastian Hermann"},"content":{"rendered":"\t\t<div data-elementor-type=\"wp-page\" data-elementor-id=\"41636\" class=\"elementor elementor-41636 elementor-16384\" data-elementor-post-type=\"page\">\n\t\t\t\t<div class=\"elementor-element elementor-element-30648026 e-flex e-con-boxed e-con e-parent\" data-id=\"30648026\" data-element_type=\"container\" data-e-type=\"container\">\n\t\t\t\t\t<div class=\"e-con-inner\">\n\t\t<div class=\"elementor-element elementor-element-3c658c16 e-con-full e-flex e-con e-child\" data-id=\"3c658c16\" data-element_type=\"container\" data-e-type=\"container\">\n\t\t<div class=\"elementor-element elementor-element-15e5ea6b e-con-full e-flex e-con e-child\" data-id=\"15e5ea6b\" data-element_type=\"container\" data-e-type=\"container\">\n\t\t\t\t<div class=\"elementor-element elementor-element-3dfdeae5 abstand-unten elementor-widget elementor-widget-text-editor\" data-id=\"3dfdeae5\" data-element_type=\"widget\" data-e-type=\"widget\" data-widget_type=\"text-editor.default\">\n\t\t\t\t<div class=\"elementor-widget-container\">\n\t\t\t\t\t\t\t\t\t<p class=\"ASTOCGrundtext\"><strong>Sebastian Hermann<\/strong><br>Dipl.-Ing. Urban Planner <\/p>\t\t\t\t\t\t\t\t<\/div>\n\t\t\t\t<\/div>\n\t\t\t\t<div class=\"elementor-element elementor-element-6460f7a abstand-unten elementor-widget elementor-widget-text-editor\" data-id=\"6460f7a\" data-element_type=\"widget\" data-e-type=\"widget\" data-widget_type=\"text-editor.default\">\n\t\t\t\t<div class=\"elementor-widget-container\">\n\t\t\t\t\t\t\t\t\t<p class=\"ASTOCGrundtext\">Sebastian Hermann is a partner at ASTOC and shapes the firm\u2019s strategic direction in urban planning. His work focuses on projects involving re-urbanisation, land-use conversion and neighbourhood development. He also specialises in the development and planning of campus projects for education, research and healthcare at the interface between architectural and urban planning scales. He combines analytical planning methods with practice-oriented processes and translates scientific approaches into concrete results. In his previous teaching role at the Karlsruhe Institute of Technology, he promoted the exchange between theory and practice, the insights from which continue to inform his work today. He leads interdisciplinary teams, is characterised by integrative working methods and open dialogue formats, and acts as a catalyst for sustainable development processes in urban planning and architecture. In broad-based planning processes, he successfully mediates between differing interests and is adept at managing dialogue with a wide range of project stakeholders. As a confident communicator, he takes to the stage at numerous public events.<br>       <\/p>\t\t\t\t\t\t\t\t<\/div>\n\t\t\t\t<\/div>\n\t\t\t\t<div class=\"elementor-element elementor-element-12912e1 abstand-unten elementor-widget elementor-widget-text-editor\" data-id=\"12912e1\" data-element_type=\"widget\" data-e-type=\"widget\" data-widget_type=\"text-editor.default\">\n\t\t\t\t<div class=\"elementor-widget-container\">\n\t\t\t\t\t\t\t\t\t<p>2019\u2013today Partner, ASTOC<\/p><p>2017-today ASTOC<\/p><p>2007-2017 Founding partner, Planungsb\u00fcro mess GbR<\/p><p>2009-2013 Lectureship in urban district planning and design, Karlsruhe Institute of Technology KIT<\/p><p>2006-2007 Research assistant, TU Kaiserslautern, Chair of Urban Planning<\/p><p>2003-2007 Student planning group &#8220;mess-mobile task force city and style&#8221;<\/p><p>1998-2006 Studied Spatial and Environmental Planning, Diploma, University of Kaiserslautern<\/p><p>Born 1977 in Illertissen<\/p>\t\t\t\t\t\t\t\t<\/div>\n\t\t\t\t<\/div>\n\t\t\t\t<div class=\"elementor-element elementor-element-496710c abstand-unten elementor-widget elementor-widget-text-editor\" data-id=\"496710c\" data-element_type=\"widget\" data-e-type=\"widget\" data-widget_type=\"text-editor.default\">\n\t\t\t\t<div class=\"elementor-widget-container\">\n\t\t\t\t\t\t\t\t\t<p><strong>Memberships and commitment<\/strong><\/p><p>Chamber of Architects of North Rhine-Westphalia<\/p><p>Architects for Hospital Construction and Healthcare e. V.<\/p>\t\t\t\t\t\t\t\t<\/div>\n\t\t\t\t<\/div>\n\t\t\t\t<\/div>\n\t\t<div class=\"elementor-element elementor-element-7dc0bd7e e-con-full e-flex e-con e-child\" data-id=\"7dc0bd7e\" data-element_type=\"container\" data-e-type=\"container\">\n\t\t<div class=\"elementor-element elementor-element-348dd90 e-con-full e-flex e-con e-child\" data-id=\"348dd90\" data-element_type=\"container\" data-e-type=\"container\">\n\t\t\t\t<div class=\"elementor-element elementor-element-d7e7fdc elementor-widget elementor-widget-image\" data-id=\"d7e7fdc\" data-element_type=\"widget\" data-e-type=\"widget\" data-widget_type=\"image.default\">\n\t\t\t\t<div class=\"elementor-widget-container\">\n\t\t\t\t\t\t\t\t\t\t\t\t\t\t\t<img loading=\"lazy\" decoding=\"async\" width=\"800\" height=\"533\" src=\"https:\/\/astoc.de\/wp-content\/uploads\/2025\/11\/ASTOC_0921_web_Sebastian-Hermann_a.jpg\" class=\"attachment-full size-full wp-image-36984\" alt=\"\" srcset=\"https:\/\/astoc.de\/wp-content\/uploads\/2025\/11\/ASTOC_0921_web_Sebastian-Hermann_a.jpg 800w, https:\/\/astoc.de\/wp-content\/uploads\/2025\/11\/ASTOC_0921_web_Sebastian-Hermann_a-300x200.jpg 300w, https:\/\/astoc.de\/wp-content\/uploads\/2025\/11\/ASTOC_0921_web_Sebastian-Hermann_a-768x512.jpg 768w\" sizes=\"auto, (max-width: 800px) 100vw, 800px\" \/>\t\t\t\t\t\t\t\t\t\t\t\t\t\t\t<\/div>\n\t\t\t\t<\/div>\n\t\t\t\t<\/div>\n\t\t<div class=\"elementor-element elementor-element-309dcfea e-con-full e-flex e-con e-child\" data-id=\"309dcfea\" data-element_type=\"container\" data-e-type=\"container\">\n\t\t\t\t<div class=\"elementor-element elementor-element-49c17a47 elementor-widget elementor-widget-image\" data-id=\"49c17a47\" data-element_type=\"widget\" data-e-type=\"widget\" data-widget_type=\"image.default\">\n\t\t\t\t<div class=\"elementor-widget-container\">\n\t\t\t\t\t\t\t\t\t\t\t\t<figure class=\"wp-caption\">\n\t\t\t\t\t\t\t\t\t\t<img loading=\"lazy\" decoding=\"async\" width=\"2560\" height=\"1440\" src=\"https:\/\/astoc.de\/wp-content\/uploads\/2025\/10\/2312_240425_010_DRI.jpg\" class=\"attachment-full size-full wp-image-33730\" alt=\"\" srcset=\"https:\/\/astoc.de\/wp-content\/uploads\/2025\/10\/2312_240425_010_DRI.jpg 2560w, https:\/\/astoc.de\/wp-content\/uploads\/2025\/10\/2312_240425_010_DRI-300x169.jpg 300w, https:\/\/astoc.de\/wp-content\/uploads\/2025\/10\/2312_240425_010_DRI-1024x576.jpg 1024w, https:\/\/astoc.de\/wp-content\/uploads\/2025\/10\/2312_240425_010_DRI-768x432.jpg 768w, https:\/\/astoc.de\/wp-content\/uploads\/2025\/10\/2312_240425_010_DRI-1536x864.jpg 1536w, https:\/\/astoc.de\/wp-content\/uploads\/2025\/10\/2312_240425_010_DRI-2048x1152.jpg 2048w\" sizes=\"auto, (max-width: 2560px) 100vw, 2560px\" \/>\t\t\t\t\t\t\t\t\t\t\t<figcaption class=\"widget-image-caption wp-caption-text\">Magnum Areal Osnabr\u00fcck, public participation<\/figcaption>\n\t\t\t\t\t\t\t\t\t\t<\/figure>\n\t\t\t\t\t\t\t\t\t<\/div>\n\t\t\t\t<\/div>\n\t\t\t\t<\/div>\n\t\t<div class=\"elementor-element elementor-element-24a82708 e-con-full e-flex e-con e-child\" data-id=\"24a82708\" data-element_type=\"container\" data-e-type=\"container\">\n\t\t\t\t<div class=\"elementor-element elementor-element-4965b42e elementor-widget elementor-widget-image\" data-id=\"4965b42e\" data-element_type=\"widget\" data-e-type=\"widget\" data-widget_type=\"image.default\">\n\t\t\t\t<div class=\"elementor-widget-container\">\n\t\t\t\t\t\t\t\t\t\t\t\t<figure class=\"wp-caption\">\n\t\t\t\t\t\t\t\t\t\t<img loading=\"lazy\" decoding=\"async\" width=\"2560\" height=\"1707\" src=\"https:\/\/astoc.de\/wp-content\/uploads\/2025\/10\/2344_240822_2-037_SGW.jpg\" class=\"attachment-full size-full wp-image-33735\" alt=\"\" srcset=\"https:\/\/astoc.de\/wp-content\/uploads\/2025\/10\/2344_240822_2-037_SGW.jpg 2560w, https:\/\/astoc.de\/wp-content\/uploads\/2025\/10\/2344_240822_2-037_SGW-300x200.jpg 300w, https:\/\/astoc.de\/wp-content\/uploads\/2025\/10\/2344_240822_2-037_SGW-1024x683.jpg 1024w, https:\/\/astoc.de\/wp-content\/uploads\/2025\/10\/2344_240822_2-037_SGW-768x512.jpg 768w, https:\/\/astoc.de\/wp-content\/uploads\/2025\/10\/2344_240822_2-037_SGW-1536x1024.jpg 1536w, https:\/\/astoc.de\/wp-content\/uploads\/2025\/10\/2344_240822_2-037_SGW-2048x1366.jpg 2048w\" sizes=\"auto, (max-width: 2560px) 100vw, 2560px\" \/>\t\t\t\t\t\t\t\t\t\t\t<figcaption class=\"widget-image-caption wp-caption-text\">Second symposium on the inner city of Cologne height development concept<\/figcaption>\n\t\t\t\t\t\t\t\t\t\t<\/figure>\n\t\t\t\t\t\t\t\t\t<\/div>\n\t\t\t\t<\/div>\n\t\t\t\t<\/div>\n\t\t\t\t<\/div>\n\t\t\t\t<\/div>\n\t\t<div class=\"elementor-element elementor-element-65bbbb9 e-con-full elementor-hidden-desktop elementor-hidden-laptop elementor-hidden-tablet elementor-hidden-mobile e-flex e-con e-child\" data-id=\"65bbbb9\" data-element_type=\"container\" data-e-type=\"container\">\n\t\t\t\t<div class=\"elementor-element elementor-element-669709a9 elementor-view-default elementor-widget elementor-widget-icon\" data-id=\"669709a9\" data-element_type=\"widget\" data-e-type=\"widget\" data-widget_type=\"icon.default\">\n\t\t\t\t<div class=\"elementor-widget-container\">\n\t\t\t\t\t\t\t<div class=\"elementor-icon-wrapper\">\n\t\t\t<div class=\"elementor-icon\">\n\t\t\t<svg xmlns=\"http:\/\/www.w3.org\/2000\/svg\" id=\"Ebene_1\" data-name=\"Ebene 1\" viewBox=\"0 0 480 484.95\"><defs><style> .clsx-1sch { fill: #fff; stroke: #000; stroke-miterlimit: 10; stroke-width: 14px; } <\/style><\/defs><line class=\"clsx-1sch\" x1=\"5\" y1=\"4.91\" x2=\"466.83\" y2=\"474.91\"><\/line><line class=\"clsx-1sch\" x1=\"473\" y1=\"196.95\" x2=\"473\" y2=\"484.95\"><\/line><line class=\"clsx-1sch\" x1=\"479\" y1=\"477.95\" x2=\"0\" y2=\"477.95\"><\/line><\/svg>\t\t\t<\/div>\n\t\t<\/div>\n\t\t\t\t\t\t<\/div>\n\t\t\t\t<\/div>\n\t\t\t\t<div class=\"elementor-element elementor-element-7b5ff3e4 elementor-widget elementor-widget-text-editor\" data-id=\"7b5ff3e4\" data-element_type=\"widget\" data-e-type=\"widget\" data-widget_type=\"text-editor.default\">\n\t\t\t\t<div class=\"elementor-widget-container\">\n\t\t\t\t\t\t\t\t\t<p>Press material on Sebastian Hermann<\/p>\t\t\t\t\t\t\t\t<\/div>\n\t\t\t\t<\/div>\n\t\t\t\t<\/div>\n\t\t<div class=\"elementor-element elementor-element-8c047e4 e-con-full e-flex e-con e-child\" data-id=\"8c047e4\" data-element_type=\"container\" data-e-type=\"container\">\n\t\t\t\t<div class=\"elementor-element elementor-element-565c2cd elementor-widget elementor-widget-text-editor\" data-id=\"565c2cd\" data-element_type=\"widget\" data-e-type=\"widget\" data-widget_type=\"text-editor.default\">\n\t\t\t\t<div class=\"elementor-widget-container\">\n\t\t\t\t\t\t\t\t\t<p>Photo credit: Nina Gschl\u00f6\u00dfl, Sabine Gro\u00dfe Wortmann, ASTOC<\/p>\t\t\t\t\t\t\t\t<\/div>\n\t\t\t\t<\/div>\n\t\t\t\t<\/div>\n\t\t\t\t\t<\/div>\n\t\t\t\t<\/div>\n\t\t\t\t<\/div>\n\t\t","protected":false},"excerpt":{"rendered":"<p>Sebastian HermannDipl.-Ing. Urban Planner Sebastian Hermann is a partner at ASTOC and shapes the firm\u2019s strategic direction in urban planning. His work focuses on projects involving re-urbanisation, land-use conversion and neighbourhood development. He also specialises in the development and planning of campus projects for education, research and healthcare at the interface between architectural and urban [&hellip;]<\/p>\n","protected":false},"author":4,"featured_media":0,"parent":41587,"menu_order":0,"comment_status":"closed","ping_status":"closed","template":"","meta":{"_acf_changed":false,"footnotes":""},"class_list":["post-41636","page","type-page","status-publish","hentry"],"acf":[],"_links":{"self":[{"href":"https:\/\/astoc.de\/en\/wp-json\/wp\/v2\/pages\/41636","targetHints":{"allow":["GET"]}}],"collection":[{"href":"https:\/\/astoc.de\/en\/wp-json\/wp\/v2\/pages"}],"about":[{"href":"https:\/\/astoc.de\/en\/wp-json\/wp\/v2\/types\/page"}],"author":[{"embeddable":true,"href":"https:\/\/astoc.de\/en\/wp-json\/wp\/v2\/users\/4"}],"replies":[{"embeddable":true,"href":"https:\/\/astoc.de\/en\/wp-json\/wp\/v2\/comments?post=41636"}],"version-history":[{"count":11,"href":"https:\/\/astoc.de\/en\/wp-json\/wp\/v2\/pages\/41636\/revisions"}],"predecessor-version":[{"id":45032,"href":"https:\/\/astoc.de\/en\/wp-json\/wp\/v2\/pages\/41636\/revisions\/45032"}],"up":[{"embeddable":true,"href":"https:\/\/astoc.de\/en\/wp-json\/wp\/v2\/pages\/41587"}],"wp:attachment":[{"href":"https:\/\/astoc.de\/en\/wp-json\/wp\/v2\/media?parent=41636"}],"curies":[{"name":"wp","href":"https:\/\/api.w.org\/{rel}","templated":true}]}}

<div data-elementor-type="wp-page" data-elementor-id="41636" class="elementor elementor-41636 elementor-16384" data-elementor-post-type="page">
				<div class="elementor-element elementor-element-30648026 e-flex e-con-boxed e-con e-parent" data-id="30648026" data-element_type="container" data-e-type="container">
					<div class="e-con-inner">
		<div class="elementor-element elementor-element-3c658c16 e-con-full e-flex e-con e-child" data-id="3c658c16" data-element_type="container" data-e-type="container">
		<div class="elementor-element elementor-element-15e5ea6b e-con-full e-flex e-con e-child" data-id="15e5ea6b" data-element_type="container" data-e-type="container">
				<div class="elementor-element elementor-element-3dfdeae5 abstand-unten elementor-widget elementor-widget-text-editor" data-id="3dfdeae5" data-element_type="widget" data-e-type="widget" data-widget_type="text-editor.default">
				<div class="elementor-widget-container">
									<p class="ASTOCGrundtext"><strong>Sebastian Hermann</strong><br>Dipl.-Ing. Urban Planner </p>								</div>
				</div>
				<div class="elementor-element elementor-element-6460f7a abstand-unten elementor-widget elementor-widget-text-editor" data-id="6460f7a" data-element_type="widget" data-e-type="widget" data-widget_type="text-editor.default">
				<div class="elementor-widget-container">
									<p class="ASTOCGrundtext">Sebastian Hermann is a partner at ASTOC and shapes the firm’s strategic direction in urban planning. His work focuses on projects involving re-urbanisation, land-use conversion and neighbourhood development. He also specialises in the development and planning of campus projects for education, research and healthcare at the interface between architectural and urban planning scales. He combines analytical planning methods with practice-oriented processes and translates scientific approaches into concrete results. In his previous teaching role at the Karlsruhe Institute of Technology, he promoted the exchange between theory and practice, the insights from which continue to inform his work today. He leads interdisciplinary teams, is characterised by integrative working methods and open dialogue formats, and acts as a catalyst for sustainable development processes in urban planning and architecture. In broad-based planning processes, he successfully mediates between differing interests and is adept at managing dialogue with a wide range of project stakeholders. As a confident communicator, he takes to the stage at numerous public events.<br>       </p>								</div>
				</div>
				<div class="elementor-element elementor-element-12912e1 abstand-unten elementor-widget elementor-widget-text-editor" data-id="12912e1" data-element_type="widget" data-e-type="widget" data-widget_type="text-editor.default">
				<div class="elementor-widget-container">
									<p>2019–today Partner, ASTOC</p><p>2017-today ASTOC</p><p>2007-2017 Founding partner, Planungsbüro mess GbR</p><p>2009-2013 Lectureship in urban district planning and design, Karlsruhe Institute of Technology KIT</p><p>2006-2007 Research assistant, TU Kaiserslautern, Chair of Urban Planning</p><p>2003-2007 Student planning group &#8220;mess-mobile task force city and style&#8221;</p><p>1998-2006 Studied Spatial and Environmental Planning, Diploma, University of Kaiserslautern</p><p>Born 1977 in Illertissen</p>								</div>
				</div>
				<div class="elementor-element elementor-element-496710c abstand-unten elementor-widget elementor-widget-text-editor" data-id="496710c" data-element_type="widget" data-e-type="widget" data-widget_type="text-editor.default">
				<div class="elementor-widget-container">
									<p><strong>Memberships and commitment</strong></p><p>Chamber of Architects of North Rhine-Westphalia</p><p>Architects for Hospital Construction and Healthcare e. V.</p>								</div>
				</div>
				</div>
		<div class="elementor-element elementor-element-7dc0bd7e e-con-full e-flex e-con e-child" data-id="7dc0bd7e" data-element_type="container" data-e-type="container">
		<div class="elementor-element elementor-element-348dd90 e-con-full e-flex e-con e-child" data-id="348dd90" data-element_type="container" data-e-type="container">
				<div class="elementor-element elementor-element-d7e7fdc elementor-widget elementor-widget-image" data-id="d7e7fdc" data-element_type="widget" data-e-type="widget" data-widget_type="image.default">
				<div class="elementor-widget-container">
															<img loading="lazy" decoding="async" width="800" height="533" src="https://astoc.de/wp-content/uploads/2025/11/ASTOC_0921_web_Sebastian-Hermann_a.jpg" class="attachment-full size-full wp-image-36984" alt="" srcset="https://astoc.de/wp-content/uploads/2025/11/ASTOC_0921_web_Sebastian-Hermann_a.jpg 800w, https://astoc.de/wp-content/uploads/2025/11/ASTOC_0921_web_Sebastian-Hermann_a-300x200.jpg 300w, https://astoc.de/wp-content/uploads/2025/11/ASTOC_0921_web_Sebastian-Hermann_a-768x512.jpg 768w" sizes="auto, (max-width: 800px) 100vw, 800px" />															</div>
				</div>
				</div>
		<div class="elementor-element elementor-element-309dcfea e-con-full e-flex e-con e-child" data-id="309dcfea" data-element_type="container" data-e-type="container">
				<div class="elementor-element elementor-element-49c17a47 elementor-widget elementor-widget-image" data-id="49c17a47" data-element_type="widget" data-e-type="widget" data-widget_type="image.default">
				<div class="elementor-widget-container">
												<figure class="wp-caption">
										<img loading="lazy" decoding="async" width="2560" height="1440" src="https://astoc.de/wp-content/uploads/2025/10/2312_240425_010_DRI.jpg" class="attachment-full size-full wp-image-33730" alt="" srcset="https://astoc.de/wp-content/uploads/2025/10/2312_240425_010_DRI.jpg 2560w, https://astoc.de/wp-content/uploads/2025/10/2312_240425_010_DRI-300x169.jpg 300w, https://astoc.de/wp-content/uploads/2025/10/2312_240425_010_DRI-1024x576.jpg 1024w, https://astoc.de/wp-content/uploads/2025/10/2312_240425_010_DRI-768x432.jpg 768w, https://astoc.de/wp-content/uploads/2025/10/2312_240425_010_DRI-1536x864.jpg 1536w, https://astoc.de/wp-content/uploads/2025/10/2312_240425_010_DRI-2048x1152.jpg 2048w" sizes="auto, (max-width: 2560px) 100vw, 2560px" />											<figcaption class="widget-image-caption wp-caption-text">Magnum Areal Osnabrück, public participation</figcaption>
										</figure>
									</div>
				</div>
				</div>
		<div class="elementor-element elementor-element-24a82708 e-con-full e-flex e-con e-child" data-id="24a82708" data-element_type="container" data-e-type="container">
				<div class="elementor-element elementor-element-4965b42e elementor-widget elementor-widget-image" data-id="4965b42e" data-element_type="widget" data-e-type="widget" data-widget_type="image.default">
				<div class="elementor-widget-container">
												<figure class="wp-caption">
										<img loading="lazy" decoding="async" width="2560" height="1707" src="https://astoc.de/wp-content/uploads/2025/10/2344_240822_2-037_SGW.jpg" class="attachment-full size-full wp-image-33735" alt="" srcset="https://astoc.de/wp-content/uploads/2025/10/2344_240822_2-037_SGW.jpg 2560w, https://astoc.de/wp-content/uploads/2025/10/2344_240822_2-037_SGW-300x200.jpg 300w, https://astoc.de/wp-content/uploads/2025/10/2344_240822_2-037_SGW-1024x683.jpg 1024w, https://astoc.de/wp-content/uploads/2025/10/2344_240822_2-037_SGW-768x512.jpg 768w, https://astoc.de/wp-content/uploads/2025/10/2344_240822_2-037_SGW-1536x1024.jpg 1536w, https://astoc.de/wp-content/uploads/2025/10/2344_240822_2-037_SGW-2048x1366.jpg 2048w" sizes="auto, (max-width: 2560px) 100vw, 2560px" />											<figcaption class="widget-image-caption wp-caption-text">Second symposium on the inner city of Cologne height development concept</figcaption>
										</figure>
									</div>
				</div>
				</div>
				</div>
				</div>
		<div class="elementor-element elementor-element-65bbbb9 e-con-full elementor-hidden-desktop elementor-hidden-laptop elementor-hidden-tablet elementor-hidden-mobile e-flex e-con e-child" data-id="65bbbb9" data-element_type="container" data-e-type="container">
				<div class="elementor-element elementor-element-669709a9 elementor-view-default elementor-widget elementor-widget-icon" data-id="669709a9" data-element_type="widget" data-e-type="widget" data-widget_type="icon.default">
				<div class="elementor-widget-container">
							<div class="elementor-icon-wrapper">
			<div class="elementor-icon">
			<svg xmlns="http://www.w3.org/2000/svg" id="Ebene_1" data-name="Ebene 1" viewBox="0 0 480 484.95"><defs><style> .clsx-1sch { fill: #fff; stroke: #000; stroke-miterlimit: 10; stroke-width: 14px; } </style></defs><line class="clsx-1sch" x1="5" y1="4.91" x2="466.83" y2="474.91"></line><line class="clsx-1sch" x1="473" y1="196.95" x2="473" y2="484.95"></line><line class="clsx-1sch" x1="479" y1="477.95" x2="0" y2="477.95"></line></svg>			</div>
		</div>
						</div>
				</div>
				<div class="elementor-element elementor-element-7b5ff3e4 elementor-widget elementor-widget-text-editor" data-id="7b5ff3e4" data-element_type="widget" data-e-type="widget" data-widget_type="text-editor.default">
				<div class="elementor-widget-container">
									<p>Press material on Sebastian Hermann</p>								</div>
				</div>
				</div>
		<div class="elementor-element elementor-element-8c047e4 e-con-full e-flex e-con e-child" data-id="8c047e4" data-element_type="container" data-e-type="container">
				<div class="elementor-element elementor-element-565c2cd elementor-widget elementor-widget-text-editor" data-id="565c2cd" data-element_type="widget" data-e-type="widget" data-widget_type="text-editor.default">
				<div class="elementor-widget-container">
									<p>Photo credit: Nina Gschlößl, Sabine Große Wortmann, ASTOC</p>								</div>
				</div>
				</div>
					</div>
				</div>
				</div>
